{"id":474,"date":"2025-11-07T13:14:29","date_gmt":"2025-11-07T13:14:29","guid":{"rendered":"https:\/\/diariodeunentrenador.com\/?page_id=474"},"modified":"2025-11-12T17:25:38","modified_gmt":"2025-11-12T17:25:38","slug":"alineacion","status":"publish","type":"page","link":"https:\/\/diariodeunentrenador.com\/index.php\/charlas-de-vestuario\/alineacion\/","title":{"rendered":"Alineaci\u00f3n"},"content":{"rendered":"<ul class=\"wp-block-latest-posts__list wp-block-latest-posts\"><li><div class=\"wp-block-latest-posts__featured-image\"><a href=\"https:\/\/diariodeunentrenador.com\/index.php\/2025\/11\/06\/el-luton-town-y-los-descensos\/\" aria-label=\"El Luton Town y los descensos\"><img loading=\"lazy\" decoding=\"async\" width=\"600\" height=\"399\" src=\"https:\/\/diariodeunentrenador.com\/wp-content\/uploads\/2025\/11\/depositphotos_609754762-stock-photo-luton-town-football-club-aerial.webp\" class=\"attachment-large size-large wp-post-image\" alt=\"Campo de F\u00fatbol del Luton Town\" style=\"\" srcset=\"https:\/\/diariodeunentrenador.com\/wp-content\/uploads\/2025\/11\/depositphotos_609754762-stock-photo-luton-town-football-club-aerial.webp 600w, https:\/\/diariodeunentrenador.com\/wp-content\/uploads\/2025\/11\/depositphotos_609754762-stock-photo-luton-town-football-club-aerial-300x200.webp 300w\" sizes=\"auto, (max-width: 600px) 100vw, 600px\" \/><\/a><\/div><a class=\"wp-block-latest-posts__post-title\" href=\"https:\/\/diariodeunentrenador.com\/index.php\/2025\/11\/06\/el-luton-town-y-los-descensos\/\">El Luton Town y los descensos<\/a><div class=\"wp-block-latest-posts__post-excerpt\">El Luton Town consigui\u00f3 una gesta hist\u00f3rica llegando a la Premier League, pero tambi\u00e9n conoci\u00f3 la cara opuesta al caer a la League One en apenas dos a\u00f1os.<\/div><\/li>\n<li><div class=\"wp-block-latest-posts__featured-image\"><a href=\"https:\/\/diariodeunentrenador.com\/index.php\/2025\/11\/06\/valverde-y-las-posiciones\/\" aria-label=\"Valverde y las posiciones\"><img loading=\"lazy\" decoding=\"async\" width=\"1024\" height=\"553\" src=\"https:\/\/diariodeunentrenador.com\/wp-content\/uploads\/2025\/11\/valverde-champions-arbitros-ROxtfLz28D0ZJoCabCfYeWP-1200x648@Relevo-1024x553.webp\" class=\"attachment-large size-large wp-post-image\" alt=\"Federico Valverde en rueda de prensa\" style=\"\" srcset=\"https:\/\/diariodeunentrenador.com\/wp-content\/uploads\/2025\/11\/valverde-champions-arbitros-ROxtfLz28D0ZJoCabCfYeWP-1200x648@Relevo-1024x553.webp 1024w, https:\/\/diariodeunentrenador.com\/wp-content\/uploads\/2025\/11\/valverde-champions-arbitros-ROxtfLz28D0ZJoCabCfYeWP-1200x648@Relevo-300x162.webp 300w, https:\/\/diariodeunentrenador.com\/wp-content\/uploads\/2025\/11\/valverde-champions-arbitros-ROxtfLz28D0ZJoCabCfYeWP-1200x648@Relevo-768x415.webp 768w, https:\/\/diariodeunentrenador.com\/wp-content\/uploads\/2025\/11\/valverde-champions-arbitros-ROxtfLz28D0ZJoCabCfYeWP-1200x648@Relevo.webp 1200w\" sizes=\"auto, (max-width: 1024px) 100vw, 1024px\" \/><\/a><\/div><a class=\"wp-block-latest-posts__post-title\" href=\"https:\/\/diariodeunentrenador.com\/index.php\/2025\/11\/06\/valverde-y-las-posiciones\/\">Valverde y las posiciones<\/a><div class=\"wp-block-latest-posts__post-excerpt\">Las complicaciones que ha tenido Valverde con su puesto en el campo, nos situa mucho m\u00e1s cerca de lo que pensamos del f\u00fatbol profesional.<\/div><\/li>\n<\/ul>","protected":false},"excerpt":{"rendered":"","protected":false},"author":1,"featured_media":0,"parent":471,"menu_order":0,"comment_status":"closed","ping_status":"closed","template":"","meta":{"_uag_custom_page_level_css":"","footnotes":""},"class_list":["post-474","page","type-page","status-publish","hentry"],"uagb_featured_image_src":{"full":false,"thumbnail":false,"medium":false,"medium_large":false,"large":false,"1536x1536":false,"2048x2048":false},"uagb_author_info":{"display_name":"admin","author_link":"https:\/\/diariodeunentrenador.com\/author\/admin\/"},"uagb_comment_info":0,"uagb_excerpt":null,"_links":{"self":[{"href":"https:\/\/diariodeunentrenador.com\/index.php\/wp-json\/wp\/v2\/pages\/474","targetHints":{"allow":["GET"]}}],"collection":[{"href":"https:\/\/diariodeunentrenador.com\/index.php\/wp-json\/wp\/v2\/pages"}],"about":[{"href":"https:\/\/diariodeunentrenador.com\/index.php\/wp-json\/wp\/v2\/types\/page"}],"author":[{"embeddable":true,"href":"https:\/\/diariodeunentrenador.com\/index.php\/wp-json\/wp\/v2\/users\/1"}],"replies":[{"embeddable":true,"href":"https:\/\/diariodeunentrenador.com\/index.php\/wp-json\/wp\/v2\/comments?post=474"}],"version-history":[{"count":2,"href":"https:\/\/diariodeunentrenador.com\/index.php\/wp-json\/wp\/v2\/pages\/474\/revisions"}],"predecessor-version":[{"id":484,"href":"https:\/\/diariodeunentrenador.com\/index.php\/wp-json\/wp\/v2\/pages\/474\/revisions\/484"}],"up":[{"embeddable":true,"href":"https:\/\/diariodeunentrenador.com\/index.php\/wp-json\/wp\/v2\/pages\/471"}],"wp:attachment":[{"href":"https:\/\/diariodeunentrenador.com\/index.php\/wp-json\/wp\/v2\/media?parent=474"}],"curies":[{"name":"wp","href":"https:\/\/api.w.org\/{rel}","templated":true}]}}